{"id":12,"date":"2021-06-17T05:13:55","date_gmt":"2021-06-17T05:13:55","guid":{"rendered":"http:\/\/malatang.umlauts.de\/?page_id=12"},"modified":"2021-06-17T07:01:23","modified_gmt":"2021-06-17T07:01:23","slug":"kontakt","status":"publish","type":"page","link":"https:\/\/malatang.umlauts.de\/?page_id=12","title":{"rendered":"Kontakt"},"content":{"rendered":"\n<figure class=\"wp-block-image size-large is-resized\"><img loading=\"lazy\" decoding=\"async\" src=\"http:\/\/malatang.umlauts.de\/wp-content\/uploads\/2021\/06\/IMG_20190709_124019000071-768x1024.jpg\" alt=\"\" class=\"wp-image-21\" width=\"344\" height=\"459\" srcset=\"https:\/\/malatang.umlauts.de\/wp-content\/uploads\/2021\/06\/IMG_20190709_124019000071-768x1024.jpg 768w, https:\/\/malatang.umlauts.de\/wp-content\/uploads\/2021\/06\/IMG_20190709_124019000071-225x300.jpg 225w, https:\/\/malatang.umlauts.de\/wp-content\/uploads\/2021\/06\/IMG_20190709_124019000071-1152x1536.jpg 1152w, https:\/\/malatang.umlauts.de\/wp-content\/uploads\/2021\/06\/IMG_20190709_124019000071-1536x2048.jpg 1536w, https:\/\/malatang.umlauts.de\/wp-content\/uploads\/2021\/06\/IMG_20190709_124019000071-scaled.jpg 1920w\" sizes=\"auto, (max-width: 344px) 100vw, 344px\" \/><figcaption>Me Myself &amp; I<\/figcaption><\/figure>\n\n\n\n<p>Dies ist ein privater Blog\/Podcast von Tian Tian.<\/p>\n\n\n\n<p>Ihr k\u00f6nnt mich jederzeit \u00fcber die Kommentarfunktion oder \u00fcber folgende E-Mail erreichen: <a href=\"mailto:tian.tian@umlauts.de\">tian.tian@umlauts.de<\/a><\/p>\n\n\n\n<p>Haftungshinweis: Trotz sorgf\u00e4ltiger inhaltlicher Kontrolle \u00fcbernehmen wir keine Haftung f\u00fcr die Inhalte externer Links. F\u00fcr den Inhalt der verlinkten Seiten sind ausschlie\u00dflich deren Betreiber verantwortlich.<\/p>\n\n\n\n<p>Soweit nicht anders gekennzeichnet, sind alle Bilder und Texte <strong>CC BY-NC-SA 4.0<\/strong> lizensiert. Weitere Infos zur Creative Commons Lizenz stehen in den allgemeinen <a rel=\"noreferrer noopener\" href=\"http:\/\/creativecommons.org\/licenses\/by-sa\/3.0\/de\/\" target=\"_blank\">Lizenzbedingungen.<\/a><\/p>\n","protected":false},"excerpt":{"rendered":"<p>Dies ist ein privater Blog\/Podcast von Tian Tian. Ihr k\u00f6nnt mich jederzeit \u00fcber die Kommentarfunktion oder \u00fcber folgende E-Mail erreichen: tian.tian@umlauts.de Haftungshinweis: Trotz sorgf\u00e4ltiger inhaltlicher Kontrolle \u00fcbernehmen wir keine Haftung f\u00fcr die Inhalte externer Links. F\u00fcr den Inhalt der verlinkten Seiten sind ausschlie\u00dflich deren Betreiber verantwortlich. Soweit nicht anders gekennzeichnet, sind alle Bilder und Texte&#8230;<\/p>\n","protected":false},"author":1,"featured_media":0,"parent":0,"menu_order":0,"comment_status":"closed","ping_status":"closed","template":"","meta":{"footnotes":""},"class_list":["post-12","page","type-page","status-publish","hentry"],"_links":{"self":[{"href":"https:\/\/malatang.umlauts.de\/index.php?rest_route=\/wp\/v2\/pages\/12","targetHints":{"allow":["GET"]}}],"collection":[{"href":"https:\/\/malatang.umlauts.de\/index.php?rest_route=\/wp\/v2\/pages"}],"about":[{"href":"https:\/\/malatang.umlauts.de\/index.php?rest_route=\/wp\/v2\/types\/page"}],"author":[{"embeddable":true,"href":"https:\/\/malatang.umlauts.de\/index.php?rest_route=\/wp\/v2\/users\/1"}],"replies":[{"embeddable":true,"href":"https:\/\/malatang.umlauts.de\/index.php?rest_route=%2Fwp%2Fv2%2Fcomments&post=12"}],"version-history":[{"count":3,"href":"https:\/\/malatang.umlauts.de\/index.php?rest_route=\/wp\/v2\/pages\/12\/revisions"}],"predecessor-version":[{"id":22,"href":"https:\/\/malatang.umlauts.de\/index.php?rest_route=\/wp\/v2\/pages\/12\/revisions\/22"}],"wp:attachment":[{"href":"https:\/\/malatang.umlauts.de\/index.php?rest_route=%2Fwp%2Fv2%2Fmedia&parent=12"}],"curies":[{"name":"wp","href":"https:\/\/api.w.org\/{rel}","templated":true}]}}